{"id":243,"date":"2022-05-21T04:28:27","date_gmt":"2022-05-21T04:28:27","guid":{"rendered":"https:\/\/codesis.cl\/frutosconsentidos\/?page_id=243"},"modified":"2022-05-28T02:36:58","modified_gmt":"2022-05-28T02:36:58","slug":"preguntas-frecuentes","status":"publish","type":"page","link":"https:\/\/codesis.cl\/frutosconsentidos\/preguntas-frecuentes\/","title":{"rendered":"Preguntas frecuentes"},"content":{"rendered":"<!--themify_builder_content-->\n<div id=\"themify_builder_content-243\" data-postid=\"243\" class=\"themify_builder_content themify_builder_content-243 themify_builder tf_clear\">\n    \t<!-- module_row -->\n\t<div  data-lazy=\"1\" class=\"module_row themify_builder_row builder-parallax-scrolling tb_uefx332 tb_first tf_clearfix\" >\n\t    <div class=\"tf_abs builder_row_cover\"><\/div>\t\t<div class=\"row_inner col_align_top tf_box tf_w tf_rel\">\n\t\t\t<div  data-lazy=\"1\" class=\"module_column tb-column col-full first tb_121n335 tf_box\">\n\t\t\t    \t        <div class=\"tb-column-inner tf_box tf_w\">\n\t\t    <!-- module fancy heading -->\n<div  class=\"module module-fancy-heading tb_pfmj221  tb_hide_divider\" data-lazy=\"1\">\n        <h1 class=\"fancy-heading tf_textc\">\n    <span  class=\"main-head tf_block\">\n\t\t\t\t\tPreguntas frecuentes\t\t    <\/span>\n    <span class=\"sub-head tf_block tf_rel\">\n\t\t\t\t\t\t\t    <\/span>\n    <\/h1>\n<\/div>\n<!-- \/module fancy heading -->\n<!-- module image -->\n<div  class=\"module module-image tb_m4x40   image-center tf_mw\" data-lazy=\"1\">\n        <div class=\"image-wrap tf_rel tf_mw\">\n\t\t    <img loading=\"lazy\" decoding=\"async\" src=\"https:\/\/themify.me\/demo\/themes\/shoppe-coffee\/files\/2021\/08\/coffee-bean-divider.png\" width=\"300\" height=\"21\" title=\"Preguntas frecuentes\" alt=\"Preguntas frecuentes\">\t\n\t\t<\/div>\n\t<!-- \/image-wrap -->\n    \n    \t<\/div>\n<!-- \/module image -->\t        <\/div>\n\t    \t<\/div>\n\t\t    <\/div>\n\t    <!-- \/row_inner -->\n\t<\/div>\n\t<!-- \/module_row -->\n\t\t<!-- module_row -->\n\t<div  data-css_id=\"vxcx437\" data-lazy=\"1\" class=\"module_row themify_builder_row repeat fullwidth tb_vxcx437 tf_clearfix\" >\n\t    \t\t<div class=\"row_inner col_align_top tf_box tf_w tf_rel\">\n\t\t\t<div  data-lazy=\"1\" class=\"module_column tb-column col-full first tb_d8wl441 tf_box\">\n\t\t\t    \t        <div class=\"tb-column-inner tf_box tf_w\">\n\t\t    \t<div  data-lazy=\"1\" class=\"module_subrow themify_builder_sub_row tb_1r9b674 tf_w tf_clearfix\">\n\t    \t\t<div class=\"subrow_inner col_align_top tf_box tf_w\">\n\t\t\t<div  data-lazy=\"1\" class=\"sub_column module_column tf_box col2-1 first tb_3c23678\" > \n\t    \t    \t        <div class=\"tb-column-inner tf_box tf_w\">\n\t\t    <!-- module plain text -->\n<div  class=\"module module-plain-text tb_ol48837 \" data-lazy=\"1\">\n        <div class=\"tb_text_wrap\">\n\t<span class=\"collapseomatic \" id=\"id69e0d4a2d6987\"  tabindex=\"0\" title=\"\n<b>\u00bfC\u00d3MO COMPRAR?<\/b>\n\"    >\n<b>\u00bfC\u00d3MO COMPRAR?<\/b>\n<\/span><div id=\"target-id69e0d4a2d6987\" class=\"collapseomatic_content \">\nPuedes comprar por <b>WhatsApp\u00a0+56993081454<\/b>, contact\u00e1ndote al <b>email ventas@frutosconsentidos.cl<\/b> o tambi\u00e9n por DM en <b>Instagram @frutosconsentidos.cl<\/b>\n<\/div>    <\/div>\n<\/div>\n<!-- \/module plain text --><!-- module plain text -->\n<div  class=\"module module-plain-text tb_u8fo187 \" data-lazy=\"1\">\n        <div class=\"tb_text_wrap\">\n\t<span class=\"collapseomatic \" id=\"id69e0d4a2d6b0a\"  tabindex=\"0\" title=\"\n<b>\u00bfCU\u00c1LES SON LOS HORARIOS DE ATENCI\u00d3N?<\/b>\n\"    >\n<b>\u00bfCU\u00c1LES SON LOS HORARIOS DE ATENCI\u00d3N?<\/b>\n<\/span><div id=\"target-id69e0d4a2d6b0a\" class=\"collapseomatic_content \">\nDe lunes a viernes de 10:00am a 20:00h y s\u00e1bados hasta las 17:00h.\n<\/div>    <\/div>\n<\/div>\n<!-- \/module plain text --><!-- module plain text -->\n<div  class=\"module module-plain-text tb_m9t7233 \" data-lazy=\"1\">\n        <div class=\"tb_text_wrap\">\n\t<span class=\"collapseomatic \" id=\"id69e0d4a2d6bfa\"  tabindex=\"0\" title=\"\n<b>\u00bfC\u00d3MO SE REALIZA EL PAGO?<\/b>\n\"    >\n<b>\u00bfC\u00d3MO SE REALIZA EL PAGO?<\/b>\n<\/span><div id=\"target-id69e0d4a2d6bfa\" class=\"collapseomatic_content \">\nPor transferencia bancar\u00eda en la siguiente cuenta<br><br>\nSocorro del Pilar Seminario Gallardo<br>\nRut.: 21.748.130-9<br>\nBanco falabella<br>\nCta. Cte N\u00b0 1-015-004080-7<br>\nEmail: pilar_01_gs@hotmail.com\n<\/div>    <\/div>\n<\/div>\n<!-- \/module plain text --><!-- module plain text -->\n<div  class=\"module module-plain-text tb_5cf3186 \" data-lazy=\"1\">\n        <div class=\"tb_text_wrap\">\n\t<span class=\"collapseomatic \" id=\"id69e0d4a2d6c9a\"  tabindex=\"0\" title=\"\n<b>\u00bfC\u00d3MO FUNCIONA EL DESPACHO?<\/b>\n\"    >\n<b>\u00bfC\u00d3MO FUNCIONA EL DESPACHO?<\/b>\n<\/span><div id=\"target-id69e0d4a2d6c9a\" class=\"collapseomatic_content \">\nTrabajo con la App de Rapid para despachar a cualquier parte de Santiago. Los valores varian dependiendo de la Comuna. Se cancela directamente en su casa o v\u00eda transferencia junto con el pago del pedido.\n<\/div>    <\/div>\n<\/div>\n<!-- \/module plain text -->\t        <\/div>\n\t    \t<\/div>\n\t\t<div  data-lazy=\"1\" class=\"sub_column module_column tf_box col2-1 last tb_c0u5678\" > \n\t    \t    \t        <div class=\"tb-column-inner tf_box tf_w\">\n\t\t    <!-- module plain text -->\n<div  class=\"module module-plain-text tb_urr9256 \" data-lazy=\"1\">\n        <div class=\"tb_text_wrap\">\n\t<span class=\"collapseomatic \" id=\"id69e0d4a2d6d75\"  tabindex=\"0\" title=\"\n<b>\u00bfCU\u00c1NTOS D\u00cdAS DEMORA EL DESPACHO?<\/b>\n\"    >\n<b>\u00bfCU\u00c1NTOS D\u00cdAS DEMORA EL DESPACHO?<\/b>\n<\/span><div id=\"target-id69e0d4a2d6d75\" class=\"collapseomatic_content \">\nEl despacho es de un d\u00eda para el otro, dependiendo el stock de productos que tengamos.\n<\/div>    <\/div>\n<\/div>\n<!-- \/module plain text --><!-- module plain text -->\n<div  class=\"module module-plain-text tb_pxmr236 \" data-lazy=\"1\">\n        <div class=\"tb_text_wrap\">\n\t<span class=\"collapseomatic \" id=\"id69e0d4a2d6e08\"  tabindex=\"0\" title=\"\n<b>\u00bfPUEDO RETIRAR EN LA TIENDA?<\/b>\n\"    >\n<b>\u00bfPUEDO RETIRAR EN LA TIENDA?<\/b>\n<\/span><div id=\"target-id69e0d4a2d6e08\" class=\"collapseomatic_content \">\nSi puedes hacer el pedido y pasarlo a buscar en la tienda en Av. Ossa # 184, \u00d1u\u00f1oa, Santiago, justo al frente del Mall Plaza Ega\u00f1a.\n<\/div>    <\/div>\n<\/div>\n<!-- \/module plain text --><!-- module plain text -->\n<div  class=\"module module-plain-text tb_zob389 \" data-lazy=\"1\">\n        <div class=\"tb_text_wrap\">\n\t<span class=\"collapseomatic \" id=\"id69e0d4a2d6e8e\"  tabindex=\"0\" title=\"\n<b>\u00bfTIENEN SISTEMA TRANSBANK EN LA TIENDA?<\/b>\n\"    >\n<b>\u00bfTIENEN SISTEMA TRANSBANK EN LA TIENDA?<\/b>\n<\/span><div id=\"target-id69e0d4a2d6e8e\" class=\"collapseomatic_content \">\nSi tenemos habilitadas las compras con redcompra y con tarjetas de cr\u00e9dito.\n<\/div>    <\/div>\n<\/div>\n<!-- \/module plain text -->\t        <\/div>\n\t    \t<\/div>\n\t\t    <\/div>\n\t<\/div><!-- \/themify_builder_sub_row -->\n\t\t        <\/div>\n\t    \t<\/div>\n\t\t    <\/div>\n\t    <!-- \/row_inner -->\n\t<\/div>\n\t<!-- \/module_row -->\n\t<\/div>\n<!--\/themify_builder_content-->","protected":false},"excerpt":{"rendered":"<p>Preguntas frecuentes<\/p>\n","protected":false},"author":1,"featured_media":0,"parent":0,"menu_order":0,"comment_status":"closed","ping_status":"closed","template":"","meta":{"footnotes":""},"class_list":["post-243","page","type-page","status-publish","hentry","has-post-title","has-post-date","has-post-category","has-post-tag","has-post-comment","has-post-author",""],"builder_content":"<h1>Preguntas frecuentes<br\/><\/h1>\n<img src=\"https:\/\/themify.me\/demo\/themes\/shoppe-coffee\/files\/2021\/08\/coffee-bean-divider.png\" width=\"300\" height=\"21\" title=\"Preguntas frecuentes\" alt=\"Preguntas frecuentes\">\n[expand title=\" <b>\u00bfC\u00d3MO COMPRAR?<\/b> \"] Puedes comprar por <b>WhatsApp\u00a0+56993081454<\/b>, contact\u00e1ndote al <b>email ventas@frutosconsentidos.cl<\/b> o tambi\u00e9n por DM en <b>Instagram @frutosconsentidos.cl<\/b> [\/expand]\n[expand title=\" <b>\u00bfCU\u00c1LES SON LOS HORARIOS DE ATENCI\u00d3N?<\/b> \"] De lunes a viernes de 10:00am a 20:00h y s\u00e1bados hasta las 17:00h. [\/expand]\n[expand title=\" <b>\u00bfC\u00d3MO SE REALIZA EL PAGO?<\/b> \"] Por transferencia bancar\u00eda en la siguiente cuenta<br><br> Socorro del Pilar Seminario Gallardo<br> Rut.: 21.748.130-9<br> Banco falabella<br> Cta. Cte N\u00b0 1-015-004080-7<br> Email: pilar_01_gs@hotmail.com [\/expand]\n[expand title=\" <b>\u00bfC\u00d3MO FUNCIONA EL DESPACHO?<\/b> \"] Trabajo con la App de Rapid para despachar a cualquier parte de Santiago. Los valores varian dependiendo de la Comuna. Se cancela directamente en su casa o v\u00eda transferencia junto con el pago del pedido. [\/expand]\n[expand title=\" <b>\u00bfCU\u00c1NTOS D\u00cdAS DEMORA EL DESPACHO?<\/b> \"] El despacho es de un d\u00eda para el otro, dependiendo el stock de productos que tengamos. [\/expand]\n[expand title=\" <b>\u00bfPUEDO RETIRAR EN LA TIENDA?<\/b> \"] Si puedes hacer el pedido y pasarlo a buscar en la tienda en Av. Ossa # 184, \u00d1u\u00f1oa, Santiago, justo al frente del Mall Plaza Ega\u00f1a. [\/expand]\n[expand title=\" <b>\u00bfTIENEN SISTEMA TRANSBANK EN LA TIENDA?<\/b> \"] Si tenemos habilitadas las compras con redcompra y con tarjetas de cr\u00e9dito. [\/expand]","_links":{"self":[{"href":"https:\/\/codesis.cl\/frutosconsentidos\/wp-json\/wp\/v2\/pages\/243","targetHints":{"allow":["GET"]}}],"collection":[{"href":"https:\/\/codesis.cl\/frutosconsentidos\/wp-json\/wp\/v2\/pages"}],"about":[{"href":"https:\/\/codesis.cl\/frutosconsentidos\/wp-json\/wp\/v2\/types\/page"}],"author":[{"embeddable":true,"href":"https:\/\/codesis.cl\/frutosconsentidos\/wp-json\/wp\/v2\/users\/1"}],"replies":[{"embeddable":true,"href":"https:\/\/codesis.cl\/frutosconsentidos\/wp-json\/wp\/v2\/comments?post=243"}],"version-history":[{"count":24,"href":"https:\/\/codesis.cl\/frutosconsentidos\/wp-json\/wp\/v2\/pages\/243\/revisions"}],"predecessor-version":[{"id":711,"href":"https:\/\/codesis.cl\/frutosconsentidos\/wp-json\/wp\/v2\/pages\/243\/revisions\/711"}],"wp:attachment":[{"href":"https:\/\/codesis.cl\/frutosconsentidos\/wp-json\/wp\/v2\/media?parent=243"}],"curies":[{"name":"wp","href":"https:\/\/api.w.org\/{rel}","templated":true}]}}