{"id":682,"date":"2022-05-28T02:20:42","date_gmt":"2022-05-28T02:20:42","guid":{"rendered":"https:\/\/codesis.cl\/frutosconsentidos\/?post_type=product&#038;p=682"},"modified":"2022-06-14T21:48:50","modified_gmt":"2022-06-14T21:48:50","slug":"te-rojo-hoja","status":"publish","type":"product","link":"https:\/\/codesis.cl\/frutosconsentidos\/producto\/te-rojo-hoja\/","title":{"rendered":"T\u00e9 rojo hoja"},"content":{"rendered":"<!--themify_builder_content-->\n<div id=\"themify_builder_content-682\" data-postid=\"682\" class=\"themify_builder_content themify_builder_content-682 themify_builder tf_clear\">\n    <\/div>\n<!--\/themify_builder_content-->\n","protected":false},"excerpt":{"rendered":"<p>El t\u00e9 rojo, o Pu-erh, es una de las variedades m\u00e1s conocidas por sus propiedades para la salud. Muchos consumidores lo buscan porque es un excelente diur\u00e9tico, que ayuda a perder peso. Esta virtud se debe a que este t\u00e9 es el resultado de una fermentaci\u00f3n m\u00e1s larga, lo que lo hace m\u00e1s quema grasa que\u00a0<a title=\"La misma planta, distintos t\u00e9s\" href=\"https:\/\/www.braganza.cl\/blogs\/tea-lovers\/la-misma-planta-distintos-te\" target=\"_blank\" rel=\"noopener noreferrer\" aria-describedby=\"a11y-new-window-message\">otras variedades<\/a>.<\/p>\n","protected":false},"featured_media":686,"comment_status":"open","ping_status":"closed","template":"","meta":[],"product_cat":[30],"product_tag":[],"class_list":["post-682","product","type-product","status-publish","has-post-thumbnail","hentry","product_cat-te-y-hierba-mate","has-post-title","has-post-date","has-post-category","has-post-tag","has-post-comment","has-post-author",""],"builder_content":"","_links":{"self":[{"href":"https:\/\/codesis.cl\/frutosconsentidos\/wp-json\/wp\/v2\/product\/682","targetHints":{"allow":["GET"]}}],"collection":[{"href":"https:\/\/codesis.cl\/frutosconsentidos\/wp-json\/wp\/v2\/product"}],"about":[{"href":"https:\/\/codesis.cl\/frutosconsentidos\/wp-json\/wp\/v2\/types\/product"}],"replies":[{"embeddable":true,"href":"https:\/\/codesis.cl\/frutosconsentidos\/wp-json\/wp\/v2\/comments?post=682"}],"wp:featuredmedia":[{"embeddable":true,"href":"https:\/\/codesis.cl\/frutosconsentidos\/wp-json\/wp\/v2\/media\/686"}],"wp:attachment":[{"href":"https:\/\/codesis.cl\/frutosconsentidos\/wp-json\/wp\/v2\/media?parent=682"}],"wp:term":[{"taxonomy":"product_cat","embeddable":true,"href":"https:\/\/codesis.cl\/frutosconsentidos\/wp-json\/wp\/v2\/product_cat?post=682"},{"taxonomy":"product_tag","embeddable":true,"href":"https:\/\/codesis.cl\/frutosconsentidos\/wp-json\/wp\/v2\/product_tag?post=682"}],"curies":[{"name":"wp","href":"https:\/\/api.w.org\/{rel}","templated":true}]}}